 688.
43
Calculate the highest common factor of 12 and 444.
12
Calculate the highest common divisor of 5049 and 204.
51
What is the highest common divisor of 53 and 8162?
53
What is the highest common factor of 30 and 15?
15
Calculate the highest common divisor of 28 and 1868.
4
What is the greatest common divisor of 101 and 1212?
101
What is the highest common factor of 54 and 1458?
54
Calculate the highest common divisor of 612 and 90.
18
Calculate the greatest common divisor of 16827 and 79.
79
Calculate the highest common factor of 15 and 57.
3
Calculate the highest common factor of 225 and 18.
9
Calculate the highest common divisor of 41 and 5.
1
What is the greatest common divisor of 11123 and 49?
49
Calculate the greatest common factor of 11580 and 45.
15
Calculate the highest common factor of 28 and 21.
7
What is the greatest common factor of 3 and 699?
3
What is the highest common divisor of 1014 and 702?
78
What is the highest common divisor of 10 and 290?
10
What is the greatest common divisor of 4028 and 304?
76
What is the greatest common factor of 55 and 1375?
55
What is the highest common factor of 133 and 504?
7
Calculate the greatest common divisor of 162 and 12231.
81
What is the greatest common divisor of 2 and 94?
2
What is the highest common factor of 371 and 14?
7
What is the highest common factor of 297 and 506?
11
What is the greatest common divisor of 220 and 140?
20
What is the highest common factor of 3700 and 100?
100
What is the greatest common divisor of 5328 and 1296?
144
What is the greatest common divisor of 20 and 10?
10
What is the highest common factor of 52 and 169?
13
What is the greatest common factor of 785 and 10?
5
What is the greatest common divisor of 7452 and 243?
81
What is the highest common factor of 12 and 1644?
12
Calculate the greatest common factor of 55 and 121.
11
Calculate the greatest common factor of 45 and 1035.
45
What is the highest common factor of 211 and 33127?
211
What is the highest common factor of 203 and 385?
7
Calculate the highest common factor of 946 and 344.
86
What is the highest common factor of 90 and 18?
18
Calculate the greatest common divisor of 129 and 129.
129
Calculate the greatest common factor of 66 and 11902.
22
What is the highest common factor of 1160 and 812?
116
What is the greatest common factor of 2522 and 52?
26
What is the highest common divisor of 2809 and 53?
53
What is the greatest common factor of 117 and 9?
9
Calculate the highest common divisor of 371 and 28.
7
What is the highest common factor of 57 and 46626?
57
Calculate the greatest common divisor of 1562 and 22.
22
What is the highest common factor of 223 and 3?
1
What is the highest common factor of 250 and 450?
50
What is the greatest common divisor of 17885 and 245?
245
Calculate the highest common divisor of 649 and 22.
11
Calculate the highest common factor of 728 and 329.
7
Calculate the greatest common divisor of 712 and 12.
4
What is the highest common factor of 33 and 6?
3
What is the highest common factor of 405 and 225?
45
Calculate the highest common divisor of 124 and 8.
4
Calculate the greatest common divisor of 50 and 25.
25
Calculate the highest common divisor of 4823 and 182.
91
What is the highest common factor of 629 and 17?
17
What is the highest common factor of 4205 and 145?
145
What is the greatest common factor of 184 and 713?
23
Calculate the highest common divisor of 6 and 714.
6
Calculate the highest common factor of 28 and 5292.
28
What is the highest common divisor of 366 and 1342?
122
What is the highest common divisor of 747 and 9?
9
Calculate the greatest common factor of 30 and 672.
6
Calculate the greatest common divisor of 168 and 40.
8
Calculate the highest common divisor of 18 and 9.
9
Calculate the highest common factor of 256 and 4.
4
What is the highest common divisor of 10 and 90?
10
What is the greatest common factor of 24 and 22668?
12
Calculate the highest common factor of 1152 and 18.
18
What is the highest common factor of 2256 and 176?
16
What is the greatest common divisor of 182 and 112?
14
What is the greatest common divisor of 924 and 336?
84
What is the greatest common divisor of 78 and 52?
26
What is the highest common divisor of 130 and 1352?
26
Calculate the highest common divisor of 2 and 4568.
2
Calculate the greatest common factor of 480 and 10.
10
Calculate the highest common factor of 1247 and 29.
29
What is the highest common divisor of 561 and 99?
33
What is the greatest common divisor of 27 and 6?
3
What is the highest common factor of 12 and 8184?
12
What is the greatest common factor of 18 and 8?
2
Calculate the greatest common factor of 144 and 3504.
48
What is the highest common factor of 102 and 6?
6
Calculate the greatest common factor of 55 and 65.
5
Calculate the greatest common factor of 2312 and 24.
8
Calculate the greatest common factor of 55 and 550.
55
Calculate the greatest common factor of 100 and 180.
20
Calculate the greatest common divisor of 380 and 40.
20
Calculate the greatest common divisor of 84 and 630.
42
What is the highest common divisor of 116 and 145?
29
What is the highest common divisor of 644 and 1472?
92
What is the greatest common divisor of 1100 and 154?
22
Calculate the highest common divisor of 46 and 713.
23
What is the greatest common factor of 1387 and 38?
19
What is the highest common divisor of 11 and 2816?
11
Calculate the greatest common factor of 63 and 7959.
21
What is the highest common divisor of 15 and 1215?
15
Calculate the highest common divisor of 21866 and 26.
26
What is the highest common divisor of 5957 and 161?
161
What is the greatest common divisor of 316 and 7189?
79
Calculate the greatest common divisor of 18 and 6921.
9
Calculate the highest common divisor of 3564 and 2592.
324
What is the highest common factor of 17466 and 492?
246
Calculate the greatest common factor of 2136 and 24.
24
Calculate the greatest common factor of 2934 and 18.
18
Calculate the highest common divisor of 10270 and 260.
130
Calculate the greatest common divisor of 33691 and 7.
7
What is the greatest common factor of 10 and 265?
5
What is the highest common factor of 24 and 124?
4
What is the highest common factor of 273 and 6201?
39
What is the highest common divisor of 3204 and 2047?
89
Calculate the highest common divisor of 10056 and 16.
8
Calculate the highest common divisor of 294 and 252.
42
Calculate the greatest common divisor of 6 and 75.
3
Calculate the greatest common divisor of 297 and 176.
11
Calculate the highest common divisor of 1095 and 165.
15
What is the greatest common divisor of 68 and 476?
68
What is the highest common factor of 344 and 1075?
43
What is the greatest common divisor of 48 and 744?
24
Calculate the highest common factor of 250 and 28500.
250
What is the highest common divisor of 897 and 117?
39
What is the highest common factor of 27 and 351?
27
Calculate the greatest common factor of 130 and 195.
65
What is the highest common divisor of 2 and 359?
1
Calculate the highest common divisor of 798 and 1729.
133
What is the highest common factor of 1081 and 23?
23
Calculate the highest common divisor of 768 and 24.
24
What is the greatest common divisor of 160 and 1130?
10
Calculate the greatest common factor of 56 and 132.
4
Calculate the greatest common divisor of 81 and 29322.
81
Calculate the greatest common divisor of 11829 and 3.
3
What is the highest common factor of 207 and 69?
69
Calculate the highest common factor of 715 and 22.
11
What is the greatest common factor of 39 and 377?
13
What is the greatest common factor of 66 and 495?
33
What is the greatest common divisor of 1750 and 70?
70
What is the greatest common factor of 18 and 477?
9
Calculate the highest common factor of 1750 and 315.
35
Calculate the highest common divisor of 21 and 213.
3
What is the greatest common factor of 378 and 14?
14
Calculate the greatest common divisor of 280 and 770.
70
What is the highest common factor of 5312 and 112?
16
Calculate the highest common divisor of 9519 and 57.
57
What is the greatest common factor of 88 and 836?
44
What is the greatest common divisor of 520 and 663?
13
Calculate the greatest common divisor of 2289 and 42.
21
What is the greatest co